{"id":13,"date":"2015-02-24T15:38:46","date_gmt":"2015-02-24T15:38:46","guid":{"rendered":"http:\/\/demos.volovar.net\/beautyspot.wp\/demo2\/?page_id=12"},"modified":"2023-09-26T16:47:06","modified_gmt":"2023-09-26T14:47:06","slug":"contacts","status":"publish","type":"page","link":"https:\/\/altearah.lu\/?page_id=13","title":{"rendered":"CONTACT\/NEWSLETTER"},"content":{"rendered":"<p>[vc_row][vc_column][vc_column_text]\n<h2>Contactez-nous<\/h2>\n<p>[\/vc_column_text][vc_row_inner][vc_column_inner][vc_raw_html]JTNDaWZyYW1lJTIwc3JjJTNEJTIyaHR0cHMlM0ElMkYlMkZ3d3cuZ29vZ2xlLmNvbSUyRm1hcHMlMkZlbWJlZCUzRnBiJTNEJTIxMW0xNCUyMTFtOCUyMTFtMyUyMTFkNTExNi4zNDI4ODI3MzQ3ODclMjEyZDUuOTk2MzU2MiUyMTNkNTAuMTIwNTEzOCUyMTNtMiUyMTFpMTAyNCUyMTJpNzY4JTIxNGYxMy4xJTIxM20zJTIxMW0yJTIxMXMweDQ3YzAwYmVmNTI1Nzc5ZTMlMjUzQTB4YWQ2YzYxZWQxMzhjOTkzMiUyMTJzOCUyNTIwR3JhbmQtUnVlJTI1MkMlMjUyMDk5MDUlMjUyMFRyb2lzdmllcmdlcyUyNTJDJTI1MjBMdXhlbWJvdXJnJTIxNWUwJTIxM20yJTIxMXNlbiUyMTJzYmUlMjE0djE2MDY0MDMyOTkxMTQlMjE1bTIlMjExc2VuJTIxMnNiZSUyMiUyMHdpZHRoJTNEJTIyNjAwJTIyJTIwaGVpZ2h0JTNEJTIyNDUwJTIyJTIwZnJhbWVib3JkZXIlM0QlMjIwJTIyJTIwc3R5bGUlM0QlMjJib3JkZXIlM0EwJTNCJTIyJTIwYWxsb3dmdWxsc2NyZWVuJTNEJTIyJTIyJTIwYXJpYS1oaWRkZW4lM0QlMjJmYWxzZSUyMiUyMHRhYmluZGV4JTNEJTIyMCUyMiUzRSUzQyUyRmlmcmFtZSUzRQ==[\/vc_raw_html]<div class=\"c-icon-block \"><i class=\"ico fa fa-map-marker\"><\/i><div class=\"icon-block-inner\"><strong>Altearah<\/strong><br \/>\nGrand-Rue, 8<br \/>\nL-9905 Troisvierges<br \/>\nGrand-Duch\u00e9 de Luxembourg<br \/>\ncontact@caracterre.eu<\/div><\/div>[\/vc_column_inner][\/vc_row_inner]<hr class=\"c-divider m-medium m-transparent\" >[vc_column_text]\n<h2>Cliquez ci-dessous et recevez notre newsletter!<\/h2>\n<p>[\/vc_column_text]<p><a href=\"https:\/\/mailchi.mp\/786cddd52563\/kxkrlyrtd5\"  class=\"c-button m-normal m-color-1 m-type-2\">S'INSCRIRE A LA NEWSLETTER<\/a><\/p><hr class=\"c-divider m-medium m-transparent\" >[\/vc_column][\/vc_row][vc_row][vc_column][vc_column_text]\n<h2>Qui sommes-nous?<\/h2>\n<p>[\/vc_column_text][vc_column_text]LA GAMME ORIGINALE DE SOINS COSM\u00c9TIQUES BIO AUX HUILES ESSENTIELLES<\/p>\n<p>Depuis l\u2019an 2000, Altearah Bio con\u00e7oit et fabrique une gamme de produits de soins cosm\u00e9tiques bio, compos\u00e9s d\u2018huiles essentielles naturelles et destin\u00e9s aux professionnels du bien-\u00eatre et de la beaut\u00e9 comme aux\u00a0particuliers.<\/p>\n<p>C\u2019est \u00e0 Bellegarde dans le Gard, dans un mas proven\u00e7al au c\u0153ur d\u2019un vignoble cultiv\u00e9 en agriculture biologique, que sont con\u00e7us nos produits.<\/p>\n<p>Le laboratoire r\u00e9pond aux normes les plus exigeantes du march\u00e9 du bien-\u00eatre et respecte scrupuleusement la l\u00e9gislation et les meilleures pratiques de fabrication.<\/p>\n<p>Nos diff\u00e9rents labels sont autant de gages de qualit\u00e9 : ECOCERT, One Voice, Slow Cosm\u00e9tique, Sud de France.[\/vc_column_text][vc_row_inner][vc_column_inner width=&#8221;1\/3&#8243;][\/vc_column_inner][vc_column_inner width=&#8221;1\/3&#8243;][vc_raw_html]JTNDaWZyYW1lJTIwc3JjJTNEJTIyaHR0cHMlM0ElMkYlMkZ3d3cuZmFjZWJvb2suY29tJTJGcGx1Z2lucyUyRnZpZGVvLnBocCUzRmhlaWdodCUzRDQ3NiUyNmhyZWYlM0RodHRwcyUyNTNBJTI1MkYlMjUyRnd3dy5mYWNlYm9vay5jb20lMjUyRkFsdGVhcmFoZW1vdGl2ZWNvc21ldGljJTI1MkZ2aWRlb3MlMjUyRjQxMzkxNDkxNjQ0MjUwOCUyNTJGJTI2c2hvd190ZXh0JTNEZmFsc2UlMjZ3aWR0aCUzRDQ3NiUyMiUyMHdpZHRoJTNEJTIyNDc2JTIyJTIwaGVpZ2h0JTNEJTIyNDc2JTIyJTIwc3R5bGUlM0QlMjJib3JkZXIlM0Fub25lJTNCb3ZlcmZsb3clM0FoaWRkZW4lMjIlMjBzY3JvbGxpbmclM0QlMjJubyUyMiUyMGZyYW1lYm9yZGVyJTNEJTIyMCUyMiUyMGFsbG93ZnVsbHNjcmVlbiUzRCUyMnRydWUlMjIlMjBhbGxvdyUzRCUyMmF1dG9wbGF5JTNCJTIwY2xpcGJvYXJkLXdyaXRlJTNCJTIwZW5jcnlwdGVkLW1lZGlhJTNCJTIwcGljdHVyZS1pbi1waWN0dXJlJTNCJTIwd2ViLXNoYXJlJTIyJTIwYWxsb3dGdWxsU2NyZWVuJTNEJTIydHJ1ZSUyMiUzRSUzQyUyRmlmcmFtZSUzRQ==[\/vc_raw_html][\/vc_column_inner][vc_column_inner width=&#8221;1\/3&#8243;][\/vc_column_inner][\/vc_row_inner][vc_column_text]\n<p>&nbsp;<\/p>\n<p>UN CONCEPT UNIQUE QUI ASSOCIE: L\u2019AROMATH\u00c9RAPIE, LA CHROMOTH\u00c9RAPIE,\u00a0L\u2019<wbr \/>OLFACTOTH\u00c9RAPIE<\/p>\n<p>Altearah bio a mis au point une m\u00e9thode de soins sur mesure bas\u00e9e sur les vertus de l\u2019aromath\u00e9rapie, l\u2019olfactoth\u00e9rapie, la chromoth\u00e9rapie.<br \/>\nCompos\u00e9s d\u2019huiles essentielles 100% naturelles, les produits certifi\u00e9s bio se d\u00e9clinent en 14 \u00e9motions couleurs, 14 soins hautement actifs et inspirants pour le corps et l\u2019esprit.<\/p>\n<p>L\u2019AROMATH\u00c9RAPIE<\/p>\n<p>L\u2019Aromath\u00e9rapie est le fait d\u2019utiliser les huiles essentielles \u00e0 des fins th\u00e9rapeutiques.<br \/>\nElles ont des vertus prodigieuses et chaque vari\u00e9t\u00e9 apporte un bienfait diff\u00e9rent. Elles peuvent \u00eatre utilis\u00e9es de nombreuses fa\u00e7ons.<br \/>\nEn ingestion douce, en diffusion, en massage, en olfactoth\u00e9rapie\u2026<br \/>\nL\u2019utilisation des huiles essentielles au quotidien peut s\u2019av\u00e9rer d\u00e9licat, Altearah a donc simplifi\u00e9 l\u2019utilisation avec sa gamme de produits pr\u00eats \u00e0 l\u2019emploi.<br \/>\nEn olfaction gr\u00e2ce au parfum de soin ou en massage gr\u00e2ce aux huiles de soin, en concentr\u00e9s de soin ou en gommages et sels de bain.<br \/>\nLes produits Altearah Bio sont fabriqu\u00e9s \u00e0 base d\u2019huiles essentielles bio, ce qui implique qu\u2019il n\u2019y a aucune alt\u00e9ration du produit ni par son mode de culture ni par son mode d\u2019extraction.<\/p>\n<p>LA CHROMOTH\u00c9RAPIE<\/p>\n<p>La Chromoth\u00e9rapie est une m\u00e9thode de soins bas\u00e9e sur l\u2019utilisation des couleurs.<br \/>\nIl s\u2019agit d\u2019une m\u00e9thode d\u2019harmonisation de certains troubles physiques et \u00e9motionnels, \u00e0 travers l\u2019utilisation des couleurs.<br \/>\nChaque couleur poss\u00e8de une symbolique universelle ou personnelle, toujours sensorielle. Elle a une influence directe sur l\u2019esprit et le corps.<br \/>\nChaque couleur a guid\u00e9 la cr\u00e9ation de nos produits, tant dans sa composition olfactive que dans sa composition en huiles essentielles pour d\u00e9livrer ses bienfaits physiologiquement et psychologiquement.<\/p>\n<p>L\u2019OLFACTOTH\u00c9RAPIE<\/p>\n<p>L\u2019Olfactoth\u00e9rapie est une m\u00e9thode de soins qui utilise les odeurs et les vibrations des huiles essentielles.<br \/>\nGr\u00e2ce \u00e0 nos parfums de soins, vous pouvez b\u00e9n\u00e9ficier des bienfaits des huiles essentielles avec le geste de l\u2019olfaction. Parfums naturels et actifs.[\/vc_column_text][\/vc_column][\/vc_row][vc_row][vc_column width=&#8221;1\/3&#8243;][vc_column_text][\/vc_column_text][\/vc_column][vc_column width=&#8221;1\/3&#8243;]<div class=\"c-image\"><img src=\"https:\/\/altearah.lu\/wp-content\/uploads\/2020\/11\/CategoriePafums.png\" class=\"\" alt=\"\" .=\"\" \/><\/div>[\/vc_column][vc_column width=&#8221;1\/3&#8243;][\/vc_column][\/vc_row]\n","protected":false},"excerpt":{"rendered":"<p>[vc_row][vc_column][vc_column_text] Contactez-nous [\/vc_column_text][vc_row_inner][vc_column_inner][vc_raw_html]JTNDaWZyYW1lJTIwc3JjJTNEJTIyaHR0cHMlM0ElMkYlMkZ3d3cuZ29vZ2xlLmNvbSUyRm1hcHMlMkZlbWJlZCUzRnBiJTNEJTIxMW0xNCUyMTFtOCUyMTFtMyUyMTFkNTExNi4zNDI4ODI3MzQ3ODclMjEyZDUuOTk2MzU2MiUyMTNkNTAuMTIwNTEzOCUyMTNtMiUyMTFpMTAyNCUyMTJpNzY4JTIxNGYxMy4xJTIxM20zJTIxMW0yJTIxMXMweDQ3YzAwYmVmNTI1Nzc5ZTMlMjUzQTB4YWQ2YzYxZWQxMzhjOTkzMiUyMTJzOCUyNTIwR3JhbmQtUnVlJTI1MkMlMjUyMDk5MDUlMjUyMFRyb2lzdmllcmdlcyUyNTJDJTI1MjBMdXhlbWJvdXJnJTIxNWUwJTIxM20yJTIxMXNlbiUyMTJzYmUlMjE0djE2MDY0MDMyOTkxMTQlMjE1bTIlMjExc2VuJTIxMnNiZSUyMiUyMHdpZHRoJTNEJTIyNjAwJTIyJTIwaGVpZ2h0JTNEJTIyNDUwJTIyJTIwZnJhbWVib3JkZXIlM0QlMjIwJTIyJTIwc3R5bGUlM0QlMjJib3JkZXIlM0EwJTNCJTIyJTIwYWxsb3dmdWxsc2NyZWVuJTNEJTIyJTIyJTIwYXJpYS1oaWRkZW4lM0QlMjJmYWxzZSUyMiUyMHRhYmluZGV4JTNEJTIyMCUyMiUzRSUzQyUyRmlmcmFtZSUzRQ==[\/vc_raw_html][\/vc_column_inner][\/vc_row_inner][vc_column_text] Cliquez ci-dessous et recevez notre newsletter! [\/vc_column_text][\/vc_column][\/vc_row][vc_row][vc_column][vc_column_text] Qui sommes-nous? [\/vc_column_text][vc_column_text]LA GAMME ORIGINALE DE SOINS COSM\u00c9TIQUES BIO AUX HUILES ESSENTIELLES Depuis l\u2019an 2000, Altearah Bio con\u00e7oit et fabrique une gamme de produits de soins cosm\u00e9tiques bio, compos\u00e9s d\u2018huiles essentielles naturelles et destin\u00e9s aux professionnels du bien-\u00eatre et de la beaut\u00e9 comme aux\u00a0particuliers. C\u2019est [&hellip;]<\/p>\n","protected":false},"author":4,"featured_media":0,"parent":0,"menu_order":0,"comment_status":"open","ping_status":"open","template":"","meta":[],"_links":{"self":[{"href":"https:\/\/altearah.lu\/index.php?rest_route=\/wp\/v2\/pages\/13"}],"collection":[{"href":"https:\/\/altearah.lu\/index.php?rest_route=\/wp\/v2\/pages"}],"about":[{"href":"https:\/\/altearah.lu\/index.php?rest_route=\/wp\/v2\/types\/page"}],"author":[{"embeddable":true,"href":"https:\/\/altearah.lu\/index.php?rest_route=\/wp\/v2\/users\/4"}],"replies":[{"embeddable":true,"href":"https:\/\/altearah.lu\/index.php?rest_route=%2Fwp%2Fv2%2Fcomments&post=13"}],"version-history":[{"count":41,"href":"https:\/\/altearah.lu\/index.php?rest_route=\/wp\/v2\/pages\/13\/revisions"}],"predecessor-version":[{"id":25917,"href":"https:\/\/altearah.lu\/index.php?rest_route=\/wp\/v2\/pages\/13\/revisions\/25917"}],"wp:attachment":[{"href":"https:\/\/altearah.lu\/index.php?rest_route=%2Fwp%2Fv2%2Fmedia&parent=13"}],"curies":[{"name":"wp","href":"https:\/\/api.w.org\/{rel}","templated":true}]}}