{"id":8553,"date":"2015-11-17T12:22:49","date_gmt":"2015-11-17T10:22:49","guid":{"rendered":"http:\/\/altearah.be\/?page_id=8553"},"modified":"2025-12-08T17:56:42","modified_gmt":"2025-12-08T15:56:42","slug":"conditions-generales-de-vente","status":"publish","type":"page","link":"https:\/\/altearah.lu\/?page_id=8553","title":{"rendered":"CONDITIONS GENERALES DE VENTE"},"content":{"rendered":"<p><strong><u>G\u00e9n\u00e9ralit\u00e9s<\/u><\/strong><\/p>\n<p>Le webshop www.altearah.be appartient et agit pour le compte de la sarl Carac\u2019Terre Distribution, et dont le si\u00e8ge social se situe Grand-rue, 8, 9905 Troisvierges (Luxembourg).<\/p>\n<p>Le texte des pr\u00e9sentes conditions fait partie int\u00e9grante du bon de commande. Sauf stipulation expresse contraire, l\u2019acheteur est cens\u00e9 en avoir pris connaissance et en avoir accept\u00e9 toutes les clauses.<\/p>\n<p>Sauf convention contraire, nos prix peuvent varier en fonction de l\u2019augmentation de nos prix d\u2019achat, des salaires, des charges sociales ou fiscales et autres \u00e9v\u00e9nements susceptibles d\u2019appr\u00e9ciations objectives.<\/p>\n<p><strong><u>D\u00e9lai de livraison<\/u><\/strong><\/p>\n<p>Les d\u00e9lais de livraison peuvent varier de quelques jours, ce qui ne pourra donner lieu en aucun cas \u00e0 une indemnit\u00e9 de la part de la sarl Carac\u2019Terre Distribution. Le vendeur est lib\u00e9r\u00e9 de l\u2019obligation de livraison en cas de force majeure, notamment et par exemple la faillite du producteur, etc. Service de livraison DPD.<\/p>\n<p><strong><u>Garantie<\/u><\/strong><\/p>\n<p>Nos produits sont garantis contre tous vices de fabrication. L\u2019acheteur devra invoquer le vice \u00e9ventuel \u00e0 bref d\u00e9lai. Seuls les produits d\u00e9fectueux seront repris et \u00e9chang\u00e9s \u00e0 nos frais.<\/p>\n<p><strong><u>Tarifs et frais de livraison<\/u><\/strong><\/p>\n<p>Nos tarifs incluent la TVA, hors frais de port.\u00a0 Les livraisons au domicile du client feront l&#8217;objet de frais de port additionnels par commande de 10,00 \u20ac TTC pour la Belgique le Luxembourg.\u00a0 La gratuit\u00e9 des frais de port ne sera admise que pour les commandes sup\u00e9rieures \u00e0 80,00 \u20ac. \u00a0<strong><u>Dans tous les cas, l&#8217;envoi de la commande ne pourra se faire qu&#8217;apr\u00e8s r\u00e9ception du paiement int\u00e9gral de la part du client.<\/u><\/strong><\/p>\n<p>\u00ad<strong><u>Droit de r\u00e9tractation<\/u><\/strong><\/p>\n<p>Le client a le droit de renoncer \u00e0 son achat et de renvoyer sa commande dans son emballage d&#8217;origine et dans un d\u00e9lai de 14 (quatorze) jours civils \u00e0 compter de la date \u00e0 laquelle il a physiquement pris possession de celle-ci.\u00a0 Les frais li\u00e9s au renvoi des marchandises seront \u00e0 charge du client.\u00a0 Le vendeur s&#8217;engage \u00e0 rembourser les produits retourn\u00e9s d\u00e8s leur r\u00e9ception.<\/p>\n<p><strong><u>Disponibilit\u00e9<\/u><\/strong><\/p>\n<p>Sauf avis contraire convenu entre le revendeur-partenaire et le(s) client(s) final(aux), le(s) colis sera(ont) disponible(s) dans le magasin \/ institut du revendeur-partenaire choisi par le client particulier, pour une dur\u00e9e 15 (quinze) jours calendrier.\u00a0 Au-del\u00e0 de ce d\u00e9lai, le(s) colis qui n\u2019aurait(aient) pas \u00e9t\u00e9 r\u00e9cup\u00e9r\u00e9(s) par le client particulier sera(seront) renvoy\u00e9(s) \u00e0 Carac\u2019Terre Distribution sarl et la vente sera rendue nulle et non avenue.<\/p>\n<p><strong><u>Propri\u00e9t\u00e9<\/u><\/strong><\/p>\n<p>Tant que les produits ne sont pas pay\u00e9s dans leur totalit\u00e9, ceux-ci restent l&#8217;enti\u00e8re propri\u00e9t\u00e9 de la sarl Carac\u2019Terre Distribution.\u00a0 Toute facture impay\u00e9e fera l&#8217;objet de frais li\u00e9s \u00e0 la r\u00e9cup\u00e9ration des montants dus ainsi qu\u2019\u00e0 la suspension de fournitures.<\/p>\n<p><strong><u>Retard de paiement<\/u><\/strong><\/p>\n<p>En cas de retard, il sera d\u00fb de plein droit et sans mise en demeure pr\u00e9alable: une majoration de la somme due de 15 % sans que cette indemnit\u00e9 puisse \u00eatre inf\u00e9rieure \u00e0 25\u20ac et un int\u00e9r\u00eat de 1 % par mois, tout mois commenc\u00e9 \u00e9tant d\u00fb.<\/p>\n\n\n<p><\/p>\n","protected":false},"excerpt":{"rendered":"<p>G\u00e9n\u00e9ralit\u00e9s Le webshop www.altearah.be appartient et agit pour le compte de la sarl Carac\u2019Terre Distribution, et dont le si\u00e8ge social se situe Grand-rue, 8, 9905 Troisvierges (Luxembourg). Le texte des pr\u00e9sentes conditions fait partie int\u00e9grante du bon de commande. Sauf stipulation expresse contraire, l\u2019acheteur est cens\u00e9 en avoir pris connaissance et en avoir accept\u00e9 toutes [&hellip;]<\/p>\n","protected":false},"author":4,"featured_media":0,"parent":0,"menu_order":0,"comment_status":"closed","ping_status":"closed","template":"","meta":[],"_links":{"self":[{"href":"https:\/\/altearah.lu\/index.php?rest_route=\/wp\/v2\/pages\/8553"}],"collection":[{"href":"https:\/\/altearah.lu\/index.php?rest_route=\/wp\/v2\/pages"}],"about":[{"href":"https:\/\/altearah.lu\/index.php?rest_route=\/wp\/v2\/types\/page"}],"author":[{"embeddable":true,"href":"https:\/\/altearah.lu\/index.php?rest_route=\/wp\/v2\/users\/4"}],"replies":[{"embeddable":true,"href":"https:\/\/altearah.lu\/index.php?rest_route=%2Fwp%2Fv2%2Fcomments&post=8553"}],"version-history":[{"count":16,"href":"https:\/\/altearah.lu\/index.php?rest_route=\/wp\/v2\/pages\/8553\/revisions"}],"predecessor-version":[{"id":26591,"href":"https:\/\/altearah.lu\/index.php?rest_route=\/wp\/v2\/pages\/8553\/revisions\/26591"}],"wp:attachment":[{"href":"https:\/\/altearah.lu\/index.php?rest_route=%2Fwp%2Fv2%2Fmedia&parent=8553"}],"curies":[{"name":"wp","href":"https:\/\/api.w.org\/{rel}","templated":true}]}}

<p><strong><u>Généralités</u></strong></p>
<p>Le webshop www.altearah.be appartient et agit pour le compte de la sarl Carac’Terre Distribution, et dont le siège social se situe Grand-rue, 8, 9905 Troisvierges (Luxembourg).</p>
<p>Le texte des présentes conditions fait partie intégrante du bon de commande. Sauf stipulation expresse contraire, l’acheteur est censé en avoir pris connaissance et en avoir accepté toutes les clauses.</p>
<p>Sauf convention contraire, nos prix peuvent varier en fonction de l’augmentation de nos prix d’achat, des salaires, des charges sociales ou fiscales et autres événements susceptibles d’appréciations objectives.</p>
<p><strong><u>Délai de livraison</u></strong></p>
<p>Les délais de livraison peuvent varier de quelques jours, ce qui ne pourra donner lieu en aucun cas à une indemnité de la part de la sarl Carac’Terre Distribution. Le vendeur est libéré de l’obligation de livraison en cas de force majeure, notamment et par exemple la faillite du producteur, etc. Service de livraison DPD.</p>
<p><strong><u>Garantie</u></strong></p>
<p>Nos produits sont garantis contre tous vices de fabrication. L’acheteur devra invoquer le vice éventuel à bref délai. Seuls les produits défectueux seront repris et échangés à nos frais.</p>
<p><strong><u>Tarifs et frais de livraison</u></strong></p>
<p>Nos tarifs incluent la TVA, hors frais de port.  Les livraisons au domicile du client feront l&#8217;objet de frais de port additionnels par commande de 10,00 € TTC pour la Belgique le Luxembourg.  La gratuité des frais de port ne sera admise que pour les commandes supérieures à 80,00 €.  <strong><u>Dans tous les cas, l&#8217;envoi de la commande ne pourra se faire qu&#8217;après réception du paiement intégral de la part du client.</u></strong></p>
<p>­<strong><u>Droit de rétractation</u></strong></p>
<p>Le client a le droit de renoncer à son achat et de renvoyer sa commande dans son emballage d&#8217;origine et dans un délai de 14 (quatorze) jours civils à compter de la date à laquelle il a physiquement pris possession de celle-ci.  Les frais liés au renvoi des marchandises seront à charge du client.  Le vendeur s&#8217;engage à rembourser les produits retournés dès leur réception.</p>
<p><strong><u>Disponibilité</u></strong></p>
<p>Sauf avis contraire convenu entre le revendeur-partenaire et le(s) client(s) final(aux), le(s) colis sera(ont) disponible(s) dans le magasin / institut du revendeur-partenaire choisi par le client particulier, pour une durée 15 (quinze) jours calendrier.  Au-delà de ce délai, le(s) colis qui n’aurait(aient) pas été récupéré(s) par le client particulier sera(seront) renvoyé(s) à Carac’Terre Distribution sarl et la vente sera rendue nulle et non avenue.</p>
<p><strong><u>Propriété</u></strong></p>
<p>Tant que les produits ne sont pas payés dans leur totalité, ceux-ci restent l&#8217;entière propriété de la sarl Carac’Terre Distribution.  Toute facture impayée fera l&#8217;objet de frais liés à la récupération des montants dus ainsi qu’à la suspension de fournitures.</p>
<p><strong><u>Retard de paiement</u></strong></p>
<p>En cas de retard, il sera dû de plein droit et sans mise en demeure préalable: une majoration de la somme due de 15 % sans que cette indemnité puisse être inférieure à 25€ et un intérêt de 1 % par mois, tout mois commencé étant dû.</p>


<p></p>

<p>Généralités Le webshop www.altearah.be appartient et agit pour le compte de la sarl Carac’Terre Distribution, et dont le siège social se situe Grand-rue, 8, 9905 Troisvierges (Luxembourg). Le texte des présentes conditions fait partie intégrante du bon de commande. Sauf stipulation expresse contraire, l’acheteur est censé en avoir pris connaissance et en avoir accepté toutes [&hellip;]</p>
