{"id":10622,"date":"2019-07-22T14:10:08","date_gmt":"2019-07-22T12:10:08","guid":{"rendered":"http:\/\/altearah.be\/?product=altearah-parfum-de-soin-turquoise-etu05-5-ml"},"modified":"2025-12-23T15:56:28","modified_gmt":"2025-12-23T13:56:28","slug":"parfum-de-soin-turquoise-etu05-5-ml","status":"publish","type":"product","link":"https:\/\/altearah.lu\/?product=parfum-de-soin-turquoise-etu05-5-ml","title":{"rendered":"Parfum de soin Turquoise ETU05 5 ml"},"content":{"rendered":"<h3 style=\"text-align: justify;\">Maintenant disponible au format 5 ml: pratique, \u00e0 emporter partout!<\/h3>\n<p>En respirant ce parfum de soin 3 \u00e0 4 fois par jour, alliant le bienfait des huiles essentielles et de la couleur Turquoise, vous aller retrouver calme et s\u00e9r\u00e9nit\u00e9, vous apaiser : L\u2019aromath\u00e9rapie simplifi\u00e9e par ALTEARAH BIO.<\/p>\n<p><strong>MODE D&#8217;EMPLOI<\/strong> &#8211;<br \/>\n* Plusieurs fois par jour, vaporisez 2 ou 3 fois au creux des mains, frottez-les pour \u00e9vaporer l&#8217;alcool, placez-les pr\u00e8s du visage et respirez profond\u00e9ment 3 fois en fermant les yeux.<br \/>\n* Ou bien vaporisez l\u00e9g\u00e8rement au creux du cou, pour donner une couleur particuli\u00e8re \u00e0 votre journ\u00e9e.<\/p>\n<p><strong>COMPOSITION<\/strong> &#8211; Alcool de bl\u00e9, Huiles essentielles bio (10%): Ylang-Ylang, Orange douce, C\u00e8dre, Bergamote, Eucalyptus, Lavandin, Palmarosa, Lavande, Menthe, Citron, G\u00e9ranium.<\/p>\n<p><strong>CONTRE-INDICATION:\u00a0<\/strong>Ne convient pas aux femmes enceintes ni aux enfants de moins de 36 mois. \u00a0Ne pas s&#8217;exposer au soleil.<\/p>\n<p>Parfum bio aux ingr\u00e9dients naturels, fabriqu\u00e9 en Provence &#8211; France.<\/p>\n","protected":false},"excerpt":{"rendered":"<h2><em>Un parfum pour mon humeur, un soin pour mon corps.<\/em><\/h2>\n<p>&nbsp;<\/p>\n<p>Le Turquoise dispense un effet antistress et offre d\u00e9tente, ouverture, \u00e9vasion.\u00a0 C&#8217;est la couleur de la communication, de la clart\u00e9, du partage, de la tranquillit\u00e9, de la beaut\u00e9.<\/p>\n<p style=\"text-align: justify;\"><span style=\"font-family: Times New Roman,serif;\"><span style=\"font-size: medium;\">En respirant ce parfum de soin 3 \u00e0 4 fois par jour, alliant le bienfait des huiles essentielles et de la couleur Turquoise, vous aller retrouver calme et s\u00e9r\u00e9nit\u00e9, vous apaiser : L\u2019aromath\u00e9rapie simplifi\u00e9e par ALTEARAH BIO.<\/span><\/span><\/p>\n<p style=\"text-align: justify;\">\n","protected":false},"featured_media":11044,"comment_status":"open","ping_status":"closed","template":"","meta":[],"product_cat":[52],"product_tag":[173],"_links":{"self":[{"href":"https:\/\/altearah.lu\/index.php?rest_route=\/wp\/v2\/product\/10622"}],"collection":[{"href":"https:\/\/altearah.lu\/index.php?rest_route=\/wp\/v2\/product"}],"about":[{"href":"https:\/\/altearah.lu\/index.php?rest_route=\/wp\/v2\/types\/product"}],"replies":[{"embeddable":true,"href":"https:\/\/altearah.lu\/index.php?rest_route=%2Fwp%2Fv2%2Fcomments&post=10622"}],"wp:featuredmedia":[{"embeddable":true,"href":"https:\/\/altearah.lu\/index.php?rest_route=\/wp\/v2\/media\/11044"}],"wp:attachment":[{"href":"https:\/\/altearah.lu\/index.php?rest_route=%2Fwp%2Fv2%2Fmedia&parent=10622"}],"wp:term":[{"taxonomy":"product_cat","embeddable":true,"href":"https:\/\/altearah.lu\/index.php?rest_route=%2Fwp%2Fv2%2Fproduct_cat&post=10622"},{"taxonomy":"product_tag","embeddable":true,"href":"https:\/\/altearah.lu\/index.php?rest_route=%2Fwp%2Fv2%2Fproduct_tag&post=10622"}],"curies":[{"name":"wp","href":"https:\/\/api.w.org\/{rel}","templated":true}]}}