{"id":26617,"date":"2026-01-05T15:19:59","date_gmt":"2026-01-05T13:19:59","guid":{"rendered":"https:\/\/altearah.lu\/?post_type=product&#038;p=26617"},"modified":"2026-01-05T15:19:59","modified_gmt":"2026-01-05T13:19:59","slug":"nouveau-cycle-mediter-avec-les-couleurs","status":"publish","type":"product","link":"https:\/\/altearah.lu\/?product=nouveau-cycle-mediter-avec-les-couleurs","title":{"rendered":"Nouveau! Cycle M\u00e9diter avec les couleurs"},"content":{"rendered":"","protected":false},"excerpt":{"rendered":"<p>Des m\u00e9ditations olfactives guid\u00e9es par les 14 couleurs Altearah.\u00a0 Totalement in\u00e9dit.<\/p>\n<p>Un year compass, c&#8217;est quoi?<\/p>\n<p>Votre year compass, pour \u00eatre exact.<\/p>\n<p>C&#8217;est un carnet qui vous aide \u00e0 r\u00e9fl\u00e9chir \u00e0 l&#8217;ann\u00e9e \u00e9coul\u00e9e et \u00e0 pr\u00e9voir la prochaine.\u00a0 Gr\u00e2ce \u00e0 une s\u00e9rie de questions et exercices s\u00e9lectionn\u00e9s avec soin, Year Compass vous aide \u00e0 d\u00e9couvrir vos sch\u00e9mas de pens\u00e9es et d&#8217;action et \u00e0 planifier une excellente ann\u00e9e \u00e0 venir.<\/p>\n","protected":false},"featured_media":26618,"comment_status":"closed","ping_status":"closed","template":"","meta":[],"product_cat":[540],"product_tag":[],"_links":{"self":[{"href":"https:\/\/altearah.lu\/index.php?rest_route=\/wp\/v2\/product\/26617"}],"collection":[{"href":"https:\/\/altearah.lu\/index.php?rest_route=\/wp\/v2\/product"}],"about":[{"href":"https:\/\/altearah.lu\/index.php?rest_route=\/wp\/v2\/types\/product"}],"replies":[{"embeddable":true,"href":"https:\/\/altearah.lu\/index.php?rest_route=%2Fwp%2Fv2%2Fcomments&post=26617"}],"wp:featuredmedia":[{"embeddable":true,"href":"https:\/\/altearah.lu\/index.php?rest_route=\/wp\/v2\/media\/26618"}],"wp:attachment":[{"href":"https:\/\/altearah.lu\/index.php?rest_route=%2Fwp%2Fv2%2Fmedia&parent=26617"}],"wp:term":[{"taxonomy":"product_cat","embeddable":true,"href":"https:\/\/altearah.lu\/index.php?rest_route=%2Fwp%2Fv2%2Fproduct_cat&post=26617"},{"taxonomy":"product_tag","embeddable":true,"href":"https:\/\/altearah.lu\/index.php?rest_route=%2Fwp%2Fv2%2Fproduct_tag&post=26617"}],"curies":[{"name":"wp","href":"https:\/\/api.w.org\/{rel}","templated":true}]}}