{"id":923,"date":"2015-03-20T09:32:58","date_gmt":"2015-03-20T07:32:58","guid":{"rendered":"http:\/\/192.168.90.132\/caracterre\/product\/althearah-sels-de-bain-orange\/"},"modified":"2025-12-23T15:56:52","modified_gmt":"2025-12-23T13:56:52","slug":"sels-de-bain-orange-900g","status":"publish","type":"product","link":"https:\/\/altearah.lu\/?product=sels-de-bain-orange-900g","title":{"rendered":"Sels de bain Orange 900 g"},"content":{"rendered":"<p align=\"JUSTIFY\"><span style=\"font-family: Times New Roman,serif;\"><span style=\"font-size: medium;\">COMMENT LES UTILISER &#8211;<\/span><\/span><\/p>\n<p align=\"JUSTIFY\"><span style=\"font-family: Times New Roman,serif;\"><span style=\"font-size: medium;\">* Pour vous d\u00e9tendre enti\u00e8rement au cours du bain, versez les Sels de Bain dans une eau \u00e0 36 \u2013 38\u00b0, et d\u00e9lassez-vous une vingtaine de minutes, en inhalant profond\u00e9ment les vapeurs parfum\u00e9es. Rincez-vous \u00e0 l&#8217;eau claire. <\/span><\/span><\/p>\n<p align=\"JUSTIFY\"><span style=\"font-family: Times New Roman,serif;\"><span style=\"font-size: medium;\">* Ou bien offrez-vous un bain de pieds avec 150 g de sel dans une eau ti\u00e8de. <\/span><\/span><\/p>\n<p align=\"JUSTIFY\"><span style=\"font-family: Times New Roman,serif;\"><span style=\"font-size: medium;\">COMPOSITION &#8211; Sel de l&#8217;Himalaya (100 %), huiles essentielles bio:\u00a0Orange douce, Citron, C\u00e8dre de l&#8217;Atlantique, Mandarine, Lavandin.<\/span><\/span><\/p>\n<p><strong>CONTRE-INDICATION:\u00a0<\/strong>Ne convient pas aux femmes enceintes ni aux enfants de moins de 36 mois. \u00a0Ne pas s&#8217;exposer au soleil.<\/p>\n<p>&nbsp;<\/p>\n","protected":false},"excerpt":{"rendered":"<h2 style=\"text-align: justify;\"><em>Tout le plaisir d\u2019un bain en couleur<\/em><\/h2>\n<h2 style=\"text-align: justify;\"><em>\u00a0<\/em><\/h2>\n<p style=\"text-align: justify;\">L\u2019Orange apporte force int\u00e9rieure, s\u00e9r\u00e9nit\u00e9 et d\u00e9tente, pour \u00eatre en possession de tous ses moyens. Les Huiles Essentielles et la couleur de cette fragrance d\u2019agrumes calment, apaisent, r\u00e9confortent. Elles enveloppent d\u2019un cocon doux et rassurant. Elles \u00e9voquent la rondeur, la sensualit\u00e9.<\/p>\n<p style=\"text-align: justify;\">Les Sels de Bains Altearah Bio, compos\u00e9s de sel de l\u2019Himalaya, stimulent la circulation sanguine, d\u00e9tendent les muscles et \u00e9liminent efficacement les toxines du corps. Les sels aux vertus relaxantes (Violet, Indigo, Bleu, Blanc, Vert, Orange, Turquoise) s\u2019utilisent de pr\u00e9f\u00e9rence le soir. D\u2019autres, plus toniques (Pourpre, Rouge, \u00c9meraude, Jaune), plut\u00f4t le matin.<\/p>\n","protected":false},"featured_media":23973,"comment_status":"open","ping_status":"closed","template":"","meta":[],"product_cat":[50],"product_tag":[34],"_links":{"self":[{"href":"https:\/\/altearah.lu\/index.php?rest_route=\/wp\/v2\/product\/923"}],"collection":[{"href":"https:\/\/altearah.lu\/index.php?rest_route=\/wp\/v2\/product"}],"about":[{"href":"https:\/\/altearah.lu\/index.php?rest_route=\/wp\/v2\/types\/product"}],"replies":[{"embeddable":true,"href":"https:\/\/altearah.lu\/index.php?rest_route=%2Fwp%2Fv2%2Fcomments&post=923"}],"wp:featuredmedia":[{"embeddable":true,"href":"https:\/\/altearah.lu\/index.php?rest_route=\/wp\/v2\/media\/23973"}],"wp:attachment":[{"href":"https:\/\/altearah.lu\/index.php?rest_route=%2Fwp%2Fv2%2Fmedia&parent=923"}],"wp:term":[{"taxonomy":"product_cat","embeddable":true,"href":"https:\/\/altearah.lu\/index.php?rest_route=%2Fwp%2Fv2%2Fproduct_cat&post=923"},{"taxonomy":"product_tag","embeddable":true,"href":"https:\/\/altearah.lu\/index.php?rest_route=%2Fwp%2Fv2%2Fproduct_tag&post=923"}],"curies":[{"name":"wp","href":"https:\/\/api.w.org\/{rel}","templated":true}]}}